-1). What is the tens digit of 2/(-7) + (-31239)/(-91) + m?
3
Let m(h) = h**2 - 9*h + 25. Let j be m(5). Suppose 2*g = j*y, 0 = -4*g - 0*g - 3*y. Suppose -5*f + 492 + 278 = g. What is the hundreds digit of f?
1
Suppose -4*p - 20 = m + 20, -p = 2*m + 45. Let k = m + 14. What is the hundreds digit of (-3115)/(-30) + (-1)/k?
1
Let a(j) = 17 - 10*j - 10*j - 9*j + 17*j. What is the units digit of a(0)?
7
Let r be 6 - -4 - (1 + 4). Suppose r*t = v - 4*v + 6366, -5*t + v + 6358 = 0. What is the units digit of t?
2
Let d(q) be the first derivative of 6*q**3 - 9*q**2/2 + 8*q + 58. What is the units digit of d(4)?
0
Let w = -781 - -19757. What is the ten thousands digit of w?
1
What is the thousands digit of (10/12)/(-5) - (-3590910)/108?
3
Let l = 620 + -136. Let b = l + -179. What is the units digit of b?
5
Suppose 3385 = -3*o - 2*u + 4*u, -1105 = o + 4*u. Let d = o - -1708. What is the units digit of d?
3
Let s(k) = k + 3. Let z be s(0). Let g(m) = 25*m + 2. Let j(x) = -17*x - 2. Let r(y) = 3*g(y) + 2*j(y). What is the units digit of r(z)?
5
Let w be -2*((-2)/(-8) - (-63)/(-36)). Suppose -w*l + 6*l = -90. Let u = l - -96. What is the tens digit of u?
6
Let g = 31 + -42. Let l = -11 - g. Suppose l = -2*k - o - 7 + 102, 2*k - 113 = 5*o. What is the tens digit of k?
4
Let z = -38 + 45. Let p be z/(63/(-2)) - 188/(-36). Suppose a + p*g + 468 = 4*a, -3*g = -3*a + 468. What is the tens digit of a?
5
Let o(r) = r**3 - 4*r**2 - 9*r + 11. Suppose 0 = -3*b - 0*b + 12, -4*f + 4*b = -8. Let p be o(f). Suppose -p*j = -31*j + 146. What is the tens digit of j?
7
Let q(u) = -6*u. Let b(s) = 112*s - 1. Let j(m) = b(m) - 5*q(m). Let g be (-99)/(-81) + (-2)/9. What is the units digit of j(g)?
1
Let s(q) = 409*q**2 + 592*q - 17. What is the hundreds digit of s(11)?
9
Let a = 85 + -86. Let u be (-1 + a - -3) + (6 - 1). Suppose u*b - 68 - 124 = 0. What is the units digit of b?
2
Suppose 17*r + 16*r - 56196 = 19*r. What is the tens digit of r?
1
Suppose 6*u - 2*u - 91 = 3*w, -4*w = -u + 104. Let g = w - -27. Suppose 0 = -g*k + 8*k - 300. What is the tens digit of k?
5
Let c = -62 - -64. Let j be 3*c/(-6) + 1. Suppose -r + 2*r + 5 = j, -4*u + 469 = -r. What is the units digit of u?
6
Suppose c - 9 - 102 = 0. What is the hundreds digit of c + 2/((-2)/(-5))?
1
Let u = 13035 + -7715. What is the tens digit of u?
2
Let c = 7689 + 38142. What is the ten thousands digit of c?
4
What is the units digit of 1/(-10) + (-4 - (-208323)/30)?
0
Let i(h) = 46*h**2 - 32*h - 296. What is the tens digit of i(31)?
1
Let l = 553 + -553. Suppose k + 2*h - 894 = l, 2*h + h = -3*k + 2688. What is the hundreds digit of k?
8
Suppose -68 = o + o + 4*a, -4*o - 5*a - 121 = 0. Let j = -19 - o. Suppose 114 = 2*z + j*x, -6*z + 3*x + 254 = -z. What is the units digit of z?
2
Let f be -34 + (-3)/(8 + -5). Let v(r) = r**2 + 22*r + 176. What is the units digit of v(f)?
1
Let a(u) = 50*u**2 - 24*u - 162. What is the thousands digit of a(-19)?
8
Let v(t) be the second derivative of t**3/3 - 7*t**2 + 9*t. Let o be v(7). Suppose -30 - 23 = -m + 3*u, o = -3*u - 15. What is the tens digit of m?
3
Suppose 12*p - 44 - 16 = 0. Suppose 2*a - p*a - 5*f + 1349 = 0, 4*a + 4*f - 1804 = 0. What is the tens digit of a?
5
Let i(n) = -69*n + 377. Let f be i(7). Suppose -4*h = -12, -5*m - 4*h + 974 = -h. Let c = m + f. What is the units digit of c?
7
Let d(k) be the third derivative of k**5/15 - k**4/12 - 2*k**3/3 + 6*k**2. Suppose -17*j + 19 = -66. What is the units digit of d(j)?
6
Suppose g - 5*s - 19 = 0, -s = -5*g + 82 + 37. What is the tens digit of -4*(-1004)/10 + g/(-40)?
0
Suppose 35 + 19 = 6*x. Suppose -13*q + 10*q = -x. Suppose -14 = -q*u + 49. What is the tens digit of u?
2
Let x = -2591 - -4461. Suppose -x - 1670 = -12*d. What is the units digit of d?
5
Let v(n) = -95*n**3 + n**2 - 1. Suppose l + 0 = 2*f - 1, -f = -4*l + 24. Suppose -l*o - 5 - 2 = 0. What is the tens digit of v(o)?
9
Let v = -56 - -85. Let x = 70 + -29. Let g = x - v. What is the units digit of g?
2
Suppose -101 = -0*s + s + 2*l, 2*s - 3*l = -209. Let u = s + 67. Let g = 76 + u. What is the tens digit of g?
4
Let a(c) be the first derivative of 71*c**3/3 - 5*c**2/2 - 3*c + 152. What is the thousands digit of a(4)?
1
Let z be (-2)/((-2)/4 + 1). Let v(o) = -188*o + 10. Let x be v(z). Suppose 2662 = 16*t - x. What is the tens digit of t?
1
Let t = -663 + 975. Suppose -o + 6*o = 4*b - 27, -2*b = -o - 9. What is the units digit of (b - t/(-15))*5?
9
Let v(g) = 123*g - 100*g - 357 - 90*g. What is the tens digit of v(-29)?
8
Suppose -2923*i = -2933*i + 69180. What is the units digit of i?
8
Let m = -90 - -103. Let t(b) be the third derivative of -b**6/120 + b**5/5 + 17*b**4/24 - 7*b**3/2 - 2*b**2. What is the tens digit of t(m)?
3
Let c(i) = 190*i - 46. Let n be c(-9). Let v = -765 - n. What is the units digit of v?
1
Let d = -7316 + 10757. Suppose 607 + d = 11*s. What is the units digit of s?
8
Let g(u) = -13 + 3*u**2 + 19 - u**3 + 0*u**3 + 3*u + 0*u**3. Let z be g(4). Suppose 2*o - z*m = -68 + 560, 3*o - 738 = 2*m. What is the units digit of o?
6
Let g(w) = w - 17. Let s be g(3). Let i(f) = -f - 11. Let x be i(s). Let u(d) = 6*d**3 - 4*d**2 + 3*d - 4. What is the hundreds digit of u(x)?
1
Let g(t) = 86*t**2 - 215*t - 1630. What is the hundreds digit of g(-8)?
5
Let l(v) = -110*v**2 + 7*v - 17. Let i be l(2). Let d = 621 + i. What is the units digit of d?
8
Let t = -4 - -13. Let a = -481 - -1027. Suppose -a = -t*b + 345. What is the tens digit of b?
9
Suppose 4*q - 17641 = -o, 5*o + 22070 = -128*q + 133*q. What is the thousands digit of q?
4
Suppose r - 6 = -2*r + a, -5*r - 5*a + 30 = 0. Suppose 24 = r*s + 9*s. Suppose -2*m = s*v - 296 - 220, -4*v = m - 264. What is the hundreds digit of m?
2
Let b be 9/(-8 - -17) - 2. What is the units digit of (-176)/6*b*(-10 + 25)?
0
Suppose -4*t + 4 + 4 = 0, 5*v - 4*t - 7 = 0. Suppose -4*b = v + 1. Let k = 30 + b. What is the tens digit of k?
2
Let u = 16753 - 8799. What is the hundreds digit of u?
9
Let i(m) = -3*m**2 - 15*m + 20. Let z(g) = 7*g**2 + 31*g - 40. Let f(b) = 9*i(b) + 4*z(b). Let l be f(8). What is the hundreds digit of (l/10)/(2/(-660))?
1
Let r = -23 + 28. Suppose -y + 2*i + 21 = 0, -3*y - y = r*i - 19. Let h = y + -7. What is the units digit of h?
4
Let v = 16501 + 1268. What is the units digit of v?
9
Suppose 5*l = 5*c - 36385 - 36270, 2*l = -c + 14516. What is the hundreds digit of c?
5
Suppose -1227*m - 421310 = -1257*m + 156100. What is the hundreds digit of m?
2
Suppose 4*m = 3*y + 1732, 8*m - 7*m - 433 = y. Let p = m - 218. What is the units digit of p?
5
Suppose 2*r - 6*r - t = -21, 0 = -5*r + 2*t + 23. Suppose -4*u - r*w + 253 + 171 = 0, -12 = -3*w. What is the tens digit of u?
0
Let y = 19159 - 10973. What is the units digit of y?
6
Suppose -54*t + 49*t - 5 = 0. What is the units digit of 658*(t - (0 - -8)/(-4))?
8
Suppose -11*f + 7*f = -3*a - 216, -162 = -3*f + a. Suppose q + f - 1314 = -4*t, -3746 = -3*q + 5*t. What is the thousands digit of q?
1
Let n(t) = 2*t**3 + 7*t**2 + 28*t - 13. Let d be n(6). Suppose 844*m - 485 = d*m. What is the tens digit of m?
9
Let o = -77 - -76. Let n(y) = 298*y + 19*y**2 - 3 - 300*y + 10*y**2. What is the units digit of n(o)?
8
What is the hundreds digit of 2/(5 + -1)*-7*(-25352)/14?
3
What is the tens digit of (-18)/(-3 - 0)*-1 - -5166?
6
Let i(f) = 5614*f**3 + 29*f**2 - 28*f. What is the hundreds digit of i(1)?
6
Let v be (33981/235)/(1/15). Suppose -5*i = 4*q - v, i - 6*q = -4*q + 445. What is the tens digit of i?
3
Let c = 130 - -2. What is the tens digit of (-4)/(-8)*(-14 + c)?
5
Suppose 0*p + 2*p - 540 = -4*v, 2*p + 3*v = 541. Suppose 2*z + p = 10*z. Let f = z + -6. What is the units digit of f?
8
Let w(f) = -5*f. Let s be w(4). What is the tens digit of (-2 - (-72)/10)/(s/(-1000))?
6
Let n = 865 + -865. Suppose n = -21*x - 16*x + 71299. What is the hundreds digit of x?
9
Let d(f) = -384*f + 3839. What is the tens digit of d(7)?
5
Let l be (1 - 8/2) + 304 + -5. Let w = -409 + 418. What is the hundreds digit of (3 - -2 - w) + l?
2
Let v(d) = -120*d - 221. Let h(b) = 80*b + 148. Let t(g) = -7*h(g) - 5*v(g). What is the tens digit of t(8)?
8
Let f(r) = -r**3 + 4*r**2 + r + 1. Let p be f(4). Suppose 191 + 969 = p*l. What is the hundreds digit of l?
2